s of 211.
211
List the prime factors of 29358.
2, 3, 7, 233
List the prime factors of 7784.
2, 7, 139
What are the prime factors of 6366?
2, 3, 1061
List the prime factors of 4396.
2, 7, 157
List the prime factors of 3981.
3, 1327
List the prime factors of 53178.
2, 3, 8863
List the prime factors of 1515.
3, 5, 101
List the prime factors of 6989.
29, 241
What are the prime factors of 29443?
29443
What are the prime factors of 6212?
2, 1553
What are the prime factors of 4776?
2, 3, 199
List the prime factors of 2132.
2, 13, 41
What are the prime factors of 12114?
2, 3, 673
What are the prime factors of 266?
2, 7, 19
List the prime factors of 1883.
7, 269
What are the prime factors of 98467?
98467
List the prime factors of 5115.
3, 5, 11, 31
What are the prime factors of 2451?
3, 19, 43
List the prime factors of 5389.
17, 317
What are the prime factors of 94262?
2, 7, 6733
List the prime factors of 117860.
2, 5, 71, 83
List the prime factors of 57083.
13, 4391
What are the prime factors of 71487?
3, 13, 47
What are the prime factors of 826?
2, 7, 59
List the prime factors of 14733.
3, 1637
List the prime factors of 1877.
1877
What are the prime factors of 3058?
2, 11, 139
List the prime factors of 5282.
2, 19, 139
What are the prime factors of 297?
3, 11
What are the prime factors of 45772?
2, 11443
What are the prime factors of 26582?
2, 13291
List the prime factors of 3408.
2, 3, 71
List the prime factors of 2457.
3, 7, 13
What are the prime factors of 98624?
2, 23, 67
List the prime factors of 107954.
2, 7, 11, 701
What are the prime factors of 674?
2, 337
What are the prime factors of 2300?
2, 5, 23
List the prime factors of 2287.
2287
List the prime factors of 65.
5, 13
List the prime factors of 75987.
3, 8443
What are the prime factors of 4731?
3, 19, 83
What are the prime factors of 14300?
2, 5, 11, 13
List the prime factors of 4509.
3, 167
What are the prime factors of 11304?
2, 3, 157
What are the prime factors of 30278?
2, 15139
What are the prime factors of 2372?
2, 593
List the prime factors of 1479.
3, 17, 29
List the prime factors of 45290.
2, 5, 7, 647
What are the prime factors of 74283?
3, 11, 2251
What are the prime factors of 130233?
3, 43411
List the prime factors of 16419.
3, 13, 421
List the prime factors of 25429.
59, 431
List the prime factors of 32028.
2, 3, 17, 157
What are the prime factors of 3660?
2, 3, 5, 61
List the prime factors of 49564.
2, 12391
List the prime factors of 3723.
3, 17, 73
List the prime factors of 15894.
2, 3, 883
What are the prime factors of 24529?
19, 1291
List the prime factors of 1585.
5, 317
What are the prime factors of 5012?
2, 7, 179
List the prime factors of 283.
283
What are the prime factors of 1366?
2, 683
List the prime factors of 1474.
2, 11, 67
List the prime factors of 3716.
2, 929
What are the prime factors of 16927?
16927
What are the prime factors of 25906?
2, 12953
What are the prime factors of 174?
2, 3, 29
What are the prime factors of 349?
349
List the prime factors of 4555.
5, 911
What are the prime factors of 244?
2, 61
List the prime factors of 19570.
2, 5, 19, 103
What are the prime factors of 1274?
2, 7, 13
List the prime factors of 19201.
7, 13, 211
What are the prime factors of 6852?
2, 3, 571
List the prime factors of 86946.
2, 3, 43, 337
List the prime factors of 1410.
2, 3, 5, 47
What are the prime factors of 768?
2, 3
List the prime factors of 10572.
2, 3, 881
What are the prime factors of 4264?
2, 13, 41
What are the prime factors of 36815?
5, 37, 199
What are the prime factors of 129045?
3, 5, 7, 1229
List the prime factors of 76563.
3, 47, 181
What are the prime factors of 939?
3, 313
What are the prime factors of 828?
2, 3, 23
What are the prime factors of 10524?
2, 3, 877
List the prime factors of 31725.
3, 5, 47
What are the prime factors of 11190?
2, 3, 5, 373
List the prime factors of 24977.
24977
What are the prime factors of 1622?
2, 811
What are the prime factors of 25506?
2, 3, 13, 109
What are the prime factors of 113046?
2, 3, 83, 227
What are the prime factors of 509?
509
What are the prime factors of 20597?
43, 479
What are the prime factors of 465?
3, 5, 31
List the prime factors of 1909.
23, 83
What are the prime factors of 1186?
2, 593
What are the prime factors of 226?
2, 113
What are the prime factors of 12192?
2, 3, 127
List the prime factors of 133505.
5, 26701
List the prime factors of 12202.
2, 6101
What are the prime factors of 12117?
3, 7, 577
List the prime factors of 1108.
2, 277
What are the prime factors of 2890?
2, 5, 17
What are the prime factors of 20415?
3, 5, 1361
What are the prime factors of 32023?
31, 1033
List the prime factors of 15487.
17, 911
What are the prime factors of 3229?
3229
List the prime factors of 36071.
7, 5153
List the prime factors of 4160.
2, 5, 13
What are the prime factors of 20578?
2, 10289
What are the prime factors of 8805?
3, 5, 587
List the prime factors of 1540.
2, 5, 7, 11
What are the prime factors of 2985?
3, 5, 199
What are the prime factors of 2404?
2, 601
What are the prime factors of 15012?
2, 3, 139
What are the prime factors of 620?
2, 5, 31
List the prime factors of 26818.
2, 11, 23, 53
List the prime factors of 198.
2, 3, 11
What are the prime factors of 32711?
7, 4673
What are the prime factors of 79596?
2, 3, 11, 67
What are the prime factors of 4303?
13, 331
List the prime factors of 116325.
3, 5, 11, 47
List the prime factors of 224.
2, 7
List the prime factors of 1409.
1409
List the prime factors of 2215.
5, 443
What are the prime factors of 24802?
2, 12401
List the prime factors of 6629.
7, 947
What are the prime factors of 2430?
2, 3, 5
What are the prime factors of 3864?
2, 3, 7, 23
List the prime factors of 2350.
2, 5, 47
What are the prime factors of 9969?
3, 3323
What are the prime factors of 8445?
3, 5, 563
List the prime factors of 29676.
2, 3, 2473
List the prime factors of 298.
2, 149
What are the prime factors of 13202?
2, 7, 23, 41
List the prime factors of 1915.
5, 383
List the prime factors of 517.
11, 47
List the prime factors of 431.
431
What are the prime factors of 347?
347
List the prime factors of 922.
2, 461
List the prime factors of 1693.
1693
What are the prime factors of 4748?
2, 1187
List the prime factors of 37.
37
List the prime factors of 180143.
151, 1193
List the prime factors of 1922.
2, 31
List the prime factors of 3745.
5, 7, 107
What are the prime factors of 13212?
2, 3, 367
What are the prime factors of 2897?
2897
What are the prime factors of 29747?
151, 197
List the prime factors of 3476.
2, 11, 79
List the prime factors of 9418.
2, 17, 277
What are the prime factors of 6350?
2, 5, 127
List the prime factors of 832.
2, 13
What are the prime factors of 4191?
3, 11, 127
What are the prime factors of 1407?
3, 7, 67
List the prime factors of 1937.
13, 149
List the prime factors of 32293.
43, 751
List the prime factors of 2750.
2, 5, 11
List the prime factors of 36.
2, 3
What are the prime factors of 2589?
3, 863
What are the prime factors of 876?
2, 3, 73
List the prime factors of 2144.
2, 67
List the prime factors of 10577.
7, 1511
What are the prime factors of 694?
2, 347
What are the prime factors of 4966?
2, 13, 191
List the prime factors of 33390.
2, 3, 5, 7, 53
List the prime factors of 15635.
5, 53, 59
List the prime factors of 1680.
2, 3, 5, 7
What are the prime factors of 2118?
2, 3, 353
What are the prime factors of 32971?
32971
What are the prime factors of 2113?
2113
List the prime factors of 10235.
5, 23, 89
What are the prime factors of 53941?
17, 19, 167
List the prime factors of 22629.
3, 19, 397
List the prime factors of 11639.
103, 113
List the prime factors of 60532.
2, 37, 409
List the prime factors of 37158.
2, 3, 11, 563
What are the prime factors of 28583?
101, 283
What are the prime factors of 247?
13, 19
List the prime factors of 2268.
2, 3, 7
List the prime factors of 728.
2, 7, 13
List the prime factors of 2064.
2, 3, 43
List the prime factors of 1901.
1901
What are the prime factors of 899?
29, 31
List the prime factors of 148.
2, 37
What are the prime factors of 1415?
5, 283
List the prime factors of 621.
3, 23
What are the prime factors of 45592?
2, 41, 139
What are the prime factors of 41333?
41333
What are the pri